12 and 1780036.
68
Calculate the greatest common factor of 105726 and 60166.
134
Calculate the greatest common factor of 2620 and 5850198.
262
Calculate the greatest common factor of 1275761 and 321.
107
What is the greatest common divisor of 211174 and 150314?
34
What is the greatest common divisor of 70691147 and 22949?
433
What is the highest common factor of 28058804 and 2699?
2699
Calculate the highest common factor of 5 and 42736895.
5
Calculate the highest common divisor of 242683 and 12929.
7
Calculate the highest common factor of 1920 and 364920.
120
Calculate the greatest common factor of 155 and 8439967.
31
What is the highest common divisor of 125 and 1771225?
25
Calculate the greatest common factor of 21229932 and 1404.
12
Calculate the highest common factor of 1580 and 374065.
395
Calculate the greatest common factor of 30317 and 2464644.
427
What is the highest common factor of 64201 and 9579465?
3379
What is the highest common divisor of 2025 and 1966740?
15
Calculate the highest common factor of 21625050 and 48.
6
Calculate the highest common divisor of 31569649 and 4835.
967
What is the highest common factor of 4956 and 4732862?
118
What is the highest common divisor of 11543415 and 9555?
195
Calculate the highest common divisor of 2514793 and 13634.
17
What is the highest common divisor of 1302 and 903840?
42
What is the greatest common divisor of 13614283 and 1641?
547
Calculate the greatest common factor of 7395 and 24161640.
435
Calculate the highest common divisor of 1583429722 and 2828.
1414
What is the highest common factor of 48 and 15065634?
6
What is the highest common factor of 1820724229 and 23?
23
What is the greatest common divisor of 84 and 474635056?
28
What is the highest common factor of 217 and 167276?
31
Calculate the highest common divisor of 37257 and 23331.
33
Calculate the greatest common divisor of 8204 and 105637.
7
What is the greatest common divisor of 7058072 and 11032?
56
What is the highest common divisor of 1850811607 and 17?
17
What is the greatest common factor of 27 and 192167793?
9
Calculate the greatest common divisor of 56573 and 7807.
37
Calculate the highest common divisor of 185274 and 30897396.
3942
What is the highest common factor of 2825416 and 33368?
776
What is the highest common factor of 247042 and 61346?
1658
Calculate the highest common factor of 7 and 3365817.
7
Calculate the highest common factor of 3276786 and 85902.
834
What is the greatest common factor of 26453 and 973?
7
What is the greatest common factor of 26690410 and 250?
10
What is the greatest common divisor of 60912 and 229971?
141
What is the highest common divisor of 2502 and 950464764?
2502
Calculate the highest common divisor of 9080 and 4121185.
1135
What is the highest common factor of 2429640 and 1156?
68
Calculate the greatest common factor of 129290907 and 12.
3
What is the greatest common divisor of 57218 and 490574?
938
What is the highest common divisor of 7270 and 4420?
10
What is the greatest common factor of 373659024 and 2136?
2136
What is the highest common factor of 44968 and 60276538?
1022
What is the highest common factor of 119 and 271307369?
17
What is the highest common factor of 2015 and 167880345?
155
What is the greatest common divisor of 3171 and 16217853?
453
What is the highest common divisor of 128860605 and 2538?
1269
Calculate the greatest common factor of 8415891 and 297.
99
What is the highest common divisor of 6795283 and 249149?
3413
What is the highest common factor of 2275 and 962364?
13
What is the greatest common divisor of 40680077 and 1205?
241
What is the highest common factor of 5302 and 147451271?
2651
Calculate the highest common divisor of 10362 and 1677702.
942
Calculate the greatest common factor of 322 and 1971578.
14
Calculate the greatest common divisor of 9637 and 3442923.
419
Calculate the highest common divisor of 537174 and 4326.
6
What is the greatest common factor of 62434280 and 301?
43
What is the highest common factor of 83698334 and 508?
254
Calculate the greatest common divisor of 10816 and 1825408.
832
Calculate the highest common divisor of 98 and 44266355.
49
What is the greatest common divisor of 2564 and 524052?
4
Calculate the greatest common factor of 1178 and 9805406.
38
What is the greatest common factor of 15649471 and 2453?
223
Calculate the greatest common divisor of 318533644 and 124839.
13871
What is the highest common factor of 15642 and 87819165?
711
What is the greatest common divisor of 61609400 and 14260?
620
What is the greatest common divisor of 478800 and 871164?
252
What is the greatest common factor of 5 and 2339152?
1
Calculate the greatest common divisor of 48762070 and 575.
115
Calculate the highest common factor of 609 and 1685973.
87
What is the highest common factor of 6012 and 1934496?
36
Calculate the highest common factor of 31413582 and 729.
243
Calculate the greatest common factor of 17450 and 2274500.
50
Calculate the greatest common factor of 1791 and 1390214.
199
What is the greatest common factor of 48320 and 26240?
320
What is the greatest common factor of 945239000 and 4625?
4625
Calculate the highest common factor of 40262 and 664282.
82
Calculate the highest common factor of 124355144 and 7232.
904
Calculate the greatest common factor of 14955186 and 239.
239
What is the greatest common factor of 512 and 14312?
8
Calculate the greatest common divisor of 195496 and 164.
4
What is the greatest common factor of 4879 and 129576769?
287
Calculate the highest common factor of 110799 and 4875.
39
What is the greatest common factor of 1001480 and 72?
8
What is the greatest common factor of 3784 and 103048?
88
What is the greatest common factor of 225 and 112176?
9
What is the greatest common divisor of 16860 and 10281228?
3372
What is the highest common divisor of 446535 and 8280?
45
What is the highest common factor of 2742 and 4607474?
914
Calculate the highest common divisor of 200 and 126636000.
200
Calculate the highest common factor of 40 and 17178592.
8
Calculate the greatest common factor of 10309 and 245342.
61
Calculate the greatest common divisor of 2595 and 5820.
15
Calculate the greatest common divisor of 43484042 and 14.
14
Calculate the greatest common factor of 2120 and 655687380.
1060
Calculate the greatest common factor of 230119056 and 872.
872
Calculate the greatest common divisor of 594300 and 9870.
210
Calculate the highest common factor of 1080 and 14635620.
540
What is the highest common divisor of 5161 and 1901233?
397
Calculate the highest common divisor of 4553 and 2002769.
29
Calculate the highest common factor of 5234688 and 1737.
9
What is the highest common divisor of 131706 and 8901266?
542
Calculate the highest common divisor of 29187 and 247455.
1269
What is the highest common factor of 66649312 and 480?
32
Calculate the highest common factor of 38976 and 3843312.
1392
Calculate the highest common divisor of 218321 and 139613.
937
Calculate the greatest common factor of 240 and 223083060.
60
Calculate the highest common divisor of 117151135 and 215.
215
Calculate the highest common divisor of 28750 and 17240.
10
What is the greatest common factor of 7851265 and 27480?
1145
Calculate the highest common divisor of 8620 and 217594660.
8620
Calculate the greatest common divisor of 9378505 and 2951.
227
Calculate the greatest common factor of 1449 and 277093719.
1449
Calculate the greatest common divisor of 356 and 1906.
2
Calculate the highest common divisor of 871 and 890383.
13
Calculate the greatest common divisor of 1394381 and 237931.
229
Calculate the greatest common divisor of 2219867 and 1911.
13
Calculate the highest common factor of 83195291 and 94673.
5569
Calculate the greatest common factor of 7311024 and 6552.
504
What is the greatest common divisor of 153510 and 1516400?
170
Calculate the highest common factor of 26499 and 5779191.
2409
What is the highest common divisor of 24 and 47258826?
6
Calculate the greatest common divisor of 254 and 24013541.
127
Calculate the highest common divisor of 216 and 12064842.
54
What is the highest common factor of 849 and 29065515?
849
What is the greatest common divisor of 4085 and 11583445?
95
Calculate the greatest common divis